
True
Is 165 a factor of 7239?
False
Is 2778 a multiple of 38?
False
Does 34 divide 311?
False
Is 16 a factor of 12284?
False
Does 3 divide 111?
True
Is 40 a factor of 148?
False
Is 1442 a multiple of 103?
True
Is 191 a multiple of 63?
False
Does 8 divide 93?
False
Does 16 divide 2385?
False
Is 10 a factor of 811?
False
Is 889 a multiple of 7?
True
Does 90 divide 270?
True
Does 30 divide 563?
False
Does 45 divide 907?
False
Does 64 divide 4540?
False
Is 8694 a multiple of 18?
True
Does 3 divide 2042?
False
Is 2 a factor of 324?
True
Is 8 a factor of 328?
True
Is 675 a multiple of 45?
True
Does 6 divide 2275?
False
Is 336 a multiple of 21?
True
Does 20 divide 857?
False
Does 8 divide 712?
True
Does 61 divide 1870?
False
Does 14 divide 2352?
True
Does 27 divide 4154?
False
Is 25 a factor of 2100?
True
Is 46 a factor of 736?
True
Is 232 a factor of 11368?
True
Does 38 divide 1102?
True
Does 89 divide 4005?
True
Is 657 a multiple of 11?
False
Is 6214 a multiple of 142?
False
Is 396 a multiple of 33?
True
Is 1775 a multiple of 5?
True
Is 18174 a multiple of 20?
False
Does 26 divide 572?
True
Is 2919 a multiple of 11?
False
Is 119423 a multiple of 13?
False
Is 3216 a multiple of 48?
True
Does 7 divide 4494?
True
Is 11 a factor of 2651?
True
Is 19 a factor of 532?
True
Is 1550 a multiple of 50?
True
Does 46 divide 967?
False
Is 57 a factor of 186?
False
Is 4 a factor of 68?
True
Does 99 divide 45006?
False
Is 1978 a multiple of 16?
False
Is 70320 a multiple of 48?
True
Is 136 a multiple of 30?
False
Does 164 divide 20579?
False
Does 49 divide 2012?
False
Does 2 divide 426?
True
Is 17 a factor of 742?
False
Does 138 divide 37812?
True
Does 26 divide 988?
True
Does 293 divide 125404?
True
Is 7 a factor of 146?
False
Does 166 divide 19919?
False
Does 3 divide 34?
False
Does 24 divide 1080?
True
Does 31 divide 773?
False
Is 5 a factor of 33630?
True
Is 7315 a multiple of 95?
True
Is 11380 a multiple of 10?
True
Is 45 a multiple of 19?
False
Does 11 divide 428?
False
Does 16 divide 1424?
True
Does 21 divide 5308?
False
Does 78 divide 8169?
False
Is 60 a factor of 69060?
True
Is 99270 a multiple of 10?
True
Is 51354 a multiple of 162?
True
Does 7 divide 1358?
True
Is 98 a factor of 14500?
False
Is 12 a factor of 1296?
True
Is 12 a factor of 159?
False
Is 38 a factor of 680?
False
Is 63 a factor of 871?
False
Is 45 a factor of 2489?
False
Does 58 divide 754?
True
Does 9 divide 186?
False
Does 26 divide 18868?
False
Is 10 a factor of 1900?
True
Is 18 a factor of 58?
False
Is 115692 a multiple of 13?
False
Is 12722 a multiple of 8?
False
Does 13 divide 1167?
False
Is 53 a multiple of 44?
False
Is 46 a factor of 690?
True
Is 642 even?
True
Is 12 a factor of 288?
True
Is 18 a factor of 210?
False
Is 19 a factor of 4588?
False
Is 14 a factor of 5040?
True
Does 12 divide 2610?
False
Is 11158 a multiple of 56?
False
Does 63 divide 603?
False
Is 20 a factor of 3820?
True
Does 265 divide 5346?
False
Does 17 divide 570?
False
Is 13288 a multiple of 26?
False
Is 4510 a multiple of 22?
True
Is 7590 a multiple of 17?
False
Is 7 a factor of 4340?
True
Is 18375 a multiple of 147?
True
Is 845 a multiple of 131?
False
Is 5586 a multiple of 19?
True
Is 8 a factor of 1243?
False
Does 16 divide 4240?
True
Is 65 a factor of 68277?
False
Is 240 a multiple of 20?
True
Does 182 divide 29745?
False
Does 119 divide 11733?
False
Does 17 divide 5797?
True
Is 143 a factor of 6721?
True
Is 17 a factor of 1979?
False
Does 10 divide 38480?
True
Is 12 a factor of 1716?
True
Is 47 a factor of 1862?
False
Is 712 a multiple of 4?
True
Is 83 a factor of 1419?
False
Does 15 divide 434?
False
Is 49 a factor of 1112?
False
Is 78 a factor of 1092?
True
Is 7527 a multiple of 39?
True
Is 11579 a multiple of 131?
False
Is 22 a factor of 5192?
True
Is 29 a factor of 102863?
True
Is 504 a multiple of 7?
True
Is 21913 a multiple of 17?
True
Is 14 a factor of 854?
True
Does 3 divide 2927?
False
Is 12 a factor of 2062?
False
Does 10 divide 15190?
True
Is 9 a factor of 3466?
False
Is 17 a factor of 27659?
True
Is 115 a factor of 7590?
True
Is 5580 a multiple of 155?
True
Is 1912 a multiple of 8?
True
Is 30 a factor of 377?
False
Is 12 a factor of 1800?
True
Is 4775 a multiple of 15?
False
Is 527 a multiple of 3?
False
Does 15 divide 4424?
False
Is 15990 a multiple of 130?
True
Is 131480 a multiple of 56?
False
Is 37557 a multiple of 18?
False
Is 11 a factor of 352?
True
Is 10424 a multiple of 118?
False
Does 7 divide 1864?
False
Does 152 divide 6204?
False
Does 7 divide 896?
True
Does 155 divide 4185?
True
Does 19 divide 738?
False
Is 247 a multiple of 81?
False
Is 7552 a multiple of 118?
True
Is 11460 a multiple of 26?
False
Is 17 a factor of 1371?
False
Is 736 a multiple of 16?
True
Is 113 a factor of 1921?
True
Is 23 a factor of 5474?
True
Is 15 a factor of 14979?
False
Is 2640 a multiple of 11?
True
Does 5 divide 28371?
False
Is 73500 a multiple of 105?
True
Is 39 a factor of 1546?
False
Is 18 a multiple of 6?
True
Is 3990 a multiple of 15?
True
Is 31 a factor of 3162?
True
Is 139 a multiple of 8?
False
Is 32 a factor of 258?
False
Is 976 a multiple of 54?
False
Does 14 divide 50?
False
Is 18 a factor of 1512?
True
Does 13 divide 38709?
False
Is 413 a multiple of 7?
True
Is 15 a factor of 1290?
True
Is 19 a factor of 152?
True
Is 3 a factor of 150?
True
Does 5 divide 685?
True
Is 29 a factor of 29?
True
Does 137 divide 7610?
False
Is 15808 a multiple of 13?
True
Is 23 a factor of 1290?
False
Is 34550 a multiple of 74?
False
Is 92 a factor of 626?
False
Does 77 divide 32417?
True
Is 640 a multiple of 32?
True
Is 1473 a multiple of 21?
False
Does 88 divide 697?
False
Does 32 divide 5856?
True
Is 70 a factor of 14907?
False
Is 6 a factor of 1053?
False
Is 14 a factor of 476?
True
Is 8800 a multiple of 88?
True
Is 1022 a multiple of 14?
True
Does 51 divide 1173?
True
Is 3276 a multiple of 28?
True
Does 44 divide 1945?
False
Is 111 a factor of 9324?
True
Is 14 a factor of 636?
False
Is 3290 a multiple of 55?
False
Is 57 a factor of 228?
True
Is 49 a factor of 2058?
True
Is 184 a multiple of 9?
False
Is 23 a factor of 966?
True
Is 43 a multiple of 3?
False
Is 9 a factor of 235?
False
Is 51 a factor of 1859?
False
Does 106 divide 2756?
True
Is 19794 a multiple of 21?
False
Is 9 a factor of 5310?
True
Does 6 divide 1464?
True
Does 25 divide 1725?
True
Is 127 a factor of 64913?
False
Is 1501 a multiple of 2?
False
Is 30134 a multiple of 19?
True
Is 36 a factor of 36?
True
Does 29 divide 106894?
True
Is 10 a factor of 6096?
False
Is 10 a factor of 623?
False
Does 53 divide 78387?
True
Is 559 a multiple of 80?
False
Is 4685 a multiple of 44?
False
Is 1667 a multiple of 16?
False
Is 23 a factor of 747?
False
Does 101 divide 1515?
True
Is 29800 a multiple of 100?
True
Is 2543 a multiple of 57?
False
Is 87 a factor of 1559?
False
Does 12 divide 27168?
True
Does 37 divide 13690?
True
Does 14 divide 23100?
True
Is 3686 a multiple of 52?
False
Is 30 a factor of 938?
False
Does 9 divide 1395?
True
Is 12 a factor of 458?
False
Does 13 divide 3477?
False
Is 6258 a multiple of 149?
True
Does 60 divide 1879?
False
Is 4118 a multiple of 63?
False
Does 176 divide 3344?
True
Is 6 a factor of 13194?
True
Is 361 a multiple of 8?
False
Is 10 a factor of 5900?
True
Is 252 a multiple of 9?
True
Is 297 even?
False
Is 732 a multiple of 39?
False
Does 71 divide 54954?
True
Is 46 a factor of 690?
True
Does 10 divide 44424?
False
Is 46 a factor of 8924?
True
Does 4 divide 1544?
True
Is 42 a factor of 2688?
True
Is 2 a factor of 25?
False
Is 47 a factor of 895?
False
Is 31 a factor of 21154?
False
Is 19 a factor of 47899?
True
Is 14624 a multiple of 14?
False
Is 1817 a multiple of 9?
False
Is 46 a factor of 6847?
False
Is 17809 a multiple of 42?
False
Is 30 a factor of 987?
False
Does 4 divide 362?
False
Does 201 divide 52662?
True
Is 1491 a multiple of 21?
True
Is 9 a factor of 27?
True
Does 10 divide 1888?
False
Is 2444 a multiple of 2?
True
Does 5 divide 1115?
True
Does 41 divide 1275?
False
Does 98 divide 8624?
True
Is 52 a factor of 60008?
True
Does 59 divide 21181?
True
Is 30 a factor of 1016?
False
Is 411 a multiple of 36?
False
Is 24 a factor of 648?
True
Does 17 divide 191?
False
Is 18 a factor of 40701?
False
Does 24 divid